d by f?
15
Let s(v) = -v**2 - 4*v + 49. Suppose 3*q = 7*q - 300. Calculate the remainder when 4/(-3)*q/(-2) is divided by s(-8).
16
Suppose -o = -3, 5*o - 59 = -9*w + 5*w. What is the remainder when 36 is divided by w?
3
Suppose -8*x + 4*x + 3 = -5*v, -3*x + 2*v = -4. Suppose -5*z + 206 = x*d - d, 0 = 2*z - 3*d - 96. Calculate the remainder when z is divided by 5.
2
Suppose -4*y = 5*m - 91 - 406, -3*m = y - 294. Let x = m + -49. Suppose -x - 4 = -4*u. Calculate the remainder when 24 is divided by u.
11
Let w = -20 + 14. Let k be 66*w*(-4)/36. Let r = -25 + k. Calculate the remainder when 37 is divided by r.
18
Let z = -4 + 10. What is the remainder when 23 is divided by z?
5
Suppose 5*c - 2*t - 162 = 0, 4*c - 3*t = -6*t + 125. What is the remainder when c is divided by 31?
1
Suppose 3*u = -u - 8. Calculate the remainder when ((-25)/2)/(u/4) is divided by 9.
7
Suppose 4*w = 171 - 67. Suppose 21 = -3*o - 3*k, -5*o - 4*k - 59 = -19. Let v = o + 21. Calculate the remainder when w is divided by v.
8
Let r(o) = o**3 - 6*o**2 - 8*o + 3. Let b be r(7). Calculate the remainder when 86 is divided by -3 - 32*(b - -3).
28
Suppose -151 = -2*x - 5*f, -3*f = -0*x - 2*x + 111. What is the remainder when x is divided by 4?
3
Let o = 25 + -79. Calculate the remainder when 12/o - (0 + (-803)/9) is divided by 30.
29
Suppose -5*h = -t - 208 - 1181, -1113 = -4*h - t. What is the remainder when h is divided by 71?
65
Let q = 100 + -65. Calculate the remainder when 50 is divided by q.
15
Suppose -3*w + 8 = 2. Suppose -3*p - 2*h = -1, 5*p = 3*h + 28 - 1. What is the remainder when p is divided by (-1)/(w/(1 + -3))?
0
Let b(r) = 5*r - 51. Let m be b(11). Suppose 3*n - m*z - 41 - 120 = 0, n = 3*z + 57. What is the remainder when 152 is divided by n?
50
Let j(k) = k**3 - 7*k**2 - k + 2. Let n = -49 + 61. What is the remainder when j(8) is divided by n?
10
Suppose -2*q - 21 = -5*q. Let z = -128 - -75. Let g = 55 + z. Calculate the remainder when q is divided by g.
1
Let u = 25 - 14. Let k = u - 9. What is the remainder when 9 is divided by (-32)/20*(-5)/k?
1
Let c(v) = 25*v**2 + 4*v + 2. What is the remainder when c(-1) is divided by 8?
7
Let f(n) = 2*n**2 - 8. Let g(k) = k + 13. What is the remainder when f(4) is divided by g(0)?
11
Let q = 1095 - 590. What is the remainder when q is divided by 128?
121
Suppose 0 = -f - 2*k, 4*f + 4*k + 0*k = -8. Let a(v) = -17*v + 3. Calculate the remainder when a(f) is divided by 19.
14
Let l = -8 + -21. Let w = l + 34. Suppose -2*j + w*h = -65, 4*j + 0*h - 115 = -5*h. What is the remainder when 88 is divided by j?
28
Suppose -f = 6*f + 84. Calculate the remainder when 2 is divided by (5 - f/(-4))/((-3)/(-3)).
0
Let x = -1071 + 1077. Suppose 2*j - 29 = 5. What is the remainder when j is divided by x?
5
Suppose -4*u - 10 = 14. Let j = 11 + u. Let w = 0 - -8. What is the remainder when w is divided by j?
3
Let x(v) = 4*v**2 + 17*v + 15. Calculate the remainder when x(-5) is divided by 17.
13
Suppose -x = 0, -2*x - 9 = v - 31. Let g = -26 + v. Let t = 12 + g. Calculate the remainder when t is divided by 6.
2
Let k(p) = -19*p + 21. Let m be k(-11). Let u = m - 161. Calculate the remainder when u is divided by 28.
13
What is the remainder when -3 - 1*(-302)/2 is divided by 15?
13
Suppose 4*n + 472 + 175 = 5*b, 4*n = -3*b + 369. Let v = b + -74. What is the remainder when v is divided by 11?
9
Let y = -53 + 165. Calculate the remainder when y is divided by 6.
4
Let q = 93 - 78. What is the remainder when 40 is divided by q?
10
Let n(f) = f**3 - f**2 - 4*f. Let q(y) = -y - 8 + 21 + 1 + 14. Calculate the remainder when q(6) is divided by n(3).
4
Let f(q) = -q**3 + q**2 + q. Let m(n) = 4*n**3 + 4*n**2 + n - 3. Let z(j) = 3*f(j) + m(j). What is the remainder when z(-6) is divided by 5?
4
Let l(m) = -m**3 + 7*m**2 + 8*m + 2. Suppose -4*q + 72 = -4*c, c = -3*q - 0*c + 42. Calculate the remainder when l(6) is divided by q.
11
Let s be ((-30)/9 + 2)*-6. Let y(g) = 4*g - 17. Let h be y(s). Suppose -h*j + 14*j = -5. What is the remainder when 17 is divided by j?
2
Let b = -119 + 214. Let o(j) = b*j**2 + 5*j + 2 - 94*j**2 - 3. What is the remainder when o(-8) is divided by 13?
10
What is the remainder when -1*(-2)/2 + 1 + 5 is divided by 4?
3
What is the remainder when (-93)/(-5) + 14/35 is divided by 8?
3
Let m(o) = -o**2 + 21*o + 82. Calculate the remainder when 4215 is divided by m(18).
135
Let c be (-98)/(-2)*(-3)/(-3). Let f = c + -28. Suppose 14*n - 16*n = -166. What is the remainder when n is divided by f?
20
Suppose 4*d + 17 + 3 = 0, -k - 5*d + 36 = 0. What is the remainder when 123 is divided by k?
1
Let f be ((-18)/(-12))/(3/4). Suppose -f*k + 28 = -0*k. Calculate the remainder when k is divided by 5.
4
Let m = -2 - -42. Let j = -20 + 9. What is the remainder when m is divided by 1 - (j + (-8)/4)?
12
Let m = 442 + -403. Calculate the remainder when 106 is divided by m.
28
Let v(k) = -7*k**2 + 75*k - 11. What is the remainder when v(9) is divided by 32?
1
Let y = -99 + 110. Calculate the remainder when y is divided by 7.
4
Suppose -g + 17 = -p, 5*p - 2*g = g - 83. Let u(o) = -2*o + 2. Calculate the remainder when ((-52)/p)/((-2)/(-8)) is divided by u(-1).
1
Suppose 3*f - 20 = -5*x - 3, x = 4. What is the remainder when (10 + 1)/((-2)/(-2)) is divided by ((-1)/(-2))/(f/(-8))?
3
Let b(l) = -3*l**3 - 17*l**2 - 7*l - 41. Calculate the remainder when 217 is divided by b(-6).
32
Suppose 0 = -69*w + 73*w - 188. Calculate the remainder when w is divided by 25.
22
Suppose 114*j = 3114 + 4866. Let l = 14 + -8. Calculate the remainder when j is divided by l.
4
Let p be (-5)/15 - 14/(-6). Suppose -43 = -4*n + 5*c, -4*n = p*c - 0*c - 22. Let t = n - -8. Calculate the remainder when 43 is divided by t.
13
Let p be (140/(-6))/((-24)/36). Let b = 50 - p. What is the remainder when 72 is divided by b?
12
Let q = -147 + 144. Let c(n) = -8 + 1 + 0 - 10*n. Calculate the remainder when 89 is divided by c(q).
20
Let g = -343 + 393. Calculate the remainder when 117 is divided by g.
17
Let p(n) = -6*n + 45. What is the remainder when 419 is divided by p(5)?
14
Let u be 51 - (2/(-3))/((-8)/(-12)). Suppose 10 - u = -s. Let i = 17 + -6. What is the remainder when s is divided by i?
9
Let m = 89 + -30. Suppose 1 = f, 0 = -3*n - 2*f - m + 4. Let u = n + 36. What is the remainder when u is divided by 5?
2
Suppose -6*q = -203 + 143. What is the remainder when -2*(-1)/2 - -47 is divided by q?
8
Let y = 57 + -89. Let h = 17 - y. Suppose 5*a - 87 = -c - 4, 4*a = 2*c + 72. What is the remainder when h is divided by a?
15
Suppose 0 = -380*p + 392*p - 372. Calculate the remainder when 618 is divided by p.
29
Let f(y) = 35*y. What is the remainder when 136 is divided by f(1)?
31
Let o(i) = 12*i - 27. Calculate the remainder when o(16) is divided by 17.
12
Suppose -3*r + 1 = -14. Suppose -3*l - 76 = -u, -r*u - 2*l + 410 - 98 = 0. Calculate the remainder when u is divided by 11.
9
Let l(m) = -m**3 - 9*m**2 + 10*m - 22. Calculate the remainder when l(-11) is divided by 5.
0
Let k = 309 + -271. What is the remainder when 165 is divided by k?
13
Let f(h) = -h**3 + h**2 - 2*h - 4. Let o be f(0). Calculate the remainder when 53 is divided by 15 - (4 + (o - -1)).
11
Suppose 0 = 11*s - 14*s + 234. Let y = -443 - -459. Calculate the remainder when s is divided by y.
14
Suppose v + m = 5*v - 11, 12 = -4*m. Suppose -5*f = -v*r - 608 - 436, -4*f + 836 = -2*r. Calculate the remainder when f is divided by 53.
49
Let s be (-2)/(4/18*-3). Suppose -6 = -3*d + s. Suppose d*t - 114 = -3*t. Calculate the remainder when 35 is divided by t.
16
Suppose 4*g - 5*k = -7 + 128, 0 = -5*k - 25. Suppose -9 = -5*j + 1. What is the remainder when 36/g*(-4)/(-3) is divided by j?
0
Let n = -65 + 77. Calculate the remainder when 23 is divided by n.
11
Suppose -3*z = -1090 + 19. Let k be (z/14)/((-9)/(-6)). Let y = -7 + k. What is the remainder when y is divided by 3?
1
Let r(w) be the second derivative of w**5/20 + w**2/2 + 26*w. Calculate the remainder when r(1) is divided by 1.
0
Let d(p) = -13*p - 680. What is the remainder when 1889 is divided by d(-54)?
19
Suppose l - 4*l + 102 = 0. Let w(x) = -14*x + 102. What is the remainder when l is divided by w(6)?
16
Let m = 103 - 98. Suppose p = m*p - 112. Let z = 